, 3
Suppose 2364 - 120 = 6*c. What are the prime factors of c?
2, 11, 17
Let x = 712 - 494. What are the prime factors of x?
2, 109
Let y(z) = -z**3 - 7*z**2 + 4*z - 2. Let b be (-2 + 20/6)*-6. What are the prime factors of y(b)?
2, 3, 5
Let i = 15 - 22. Let a be (2 + -2)*i/14. Let y = a + 13. List the prime factors of y.
13
Suppose 2*w = -1 - 3. Let m(v) = v + 2. Let q be m(w). Suppose 4*c + 15 - 99 = q. List the prime factors of c.
3, 7
What are the prime factors of 11/(-2)*(-40 - -14)?
11, 13
List the prime factors of (1 + 7)/(-16)*-22.
11
Suppose -h - 2686 - 2312 = -4*p, 5*p - 6254 = -2*h. List the prime factors of p.
2, 5
Let v(l) = -1 + 4*l + 3 - 5*l**2 - 4 - l**2. Let x be v(2). What are the prime factors of x/81 + 20/9?
2
Let f = 25 - 21. Suppose -h - 5*s + 6 = h, f*s - 9 = -3*h. Suppose -h*t = -t - 40. List the prime factors of t.
2, 5
Let w(n) = -2*n**3 - 3*n**2 - n - 2. Let m be w(-2). Suppose -2*d - m*d = -624. List the prime factors of d.
2, 13
List the prime factors of 194 + 2 + -2 + -1 + -3.
2, 5, 19
Let q(n) = -n - 1 + 19*n**2 - 2*n + 11*n**2. List the prime factors of q(-1).
2
Suppose 3*j = -0*j + 3*l + 96, -5*j - 2*l + 167 = 0. Suppose z + z = -5*x + j, -5*z - 4*x + 108 = 0. What are the prime factors of z?
2, 3
Suppose -c = 6*c - 2*c. Suppose -16 = -6*w + 2*w. Suppose -w*h + 59 + 29 = c. List the prime factors of h.
2, 11
Suppose -83*m + 4 = -82*m. Let b(a) = 2*a + 7. Let x be b(-5). List the prime factors of (m/x + 1)*-42.
2, 7
Let z be (-3)/9*30/(-2). Suppose 5*h = 4*r + 307, -z*h - 5*r = -2*r - 321. List the prime factors of h.
3, 7
Let o(x) = -3 + 3 + 2 + 1 + 6*x**2. What are the prime factors of o(-3)?
3, 19
Let r be (-9)/(-4 + (-10)/(-4)). Let a(h) = h**2 - 6*h + 4. Let g be a(r). What are the prime factors of 1 + (-8)/4 + g?
3
Let c(o) = -o**3 + 4*o**2 + 5*o - 1. Let k be c(5). Let d = k - -5. Suppose 3 = -3*h + d*h. List the prime factors of h.
3
Let v(h) = -28*h. List the prime factors of v(-11).
2, 7, 11
Let l(j) = 0*j**3 - 5*j + 5*j**2 + 3 + 1 + j**3. Let m be l(-6). List the prime factors of -2 - (m + (-80)/4).
2, 5
Let g = 10 - 6. Let w = -11 - -11. Suppose 5*h - 3*l = 93, w = g*h + 2*l + 2*l - 100. What are the prime factors of h?
3, 7
Suppose 2*g + 5*v = 33 - 0, 15 = 5*v. List the prime factors of (-50)/3*g/(-5).
2, 3, 5
Suppose -1732 = -2*p - 256. List the prime factors of p.
2, 3, 41
Let y(s) = s**3 + 12*s**2 - 14*s + 6. Let o be y(-13). Let k = o - -3. What are the prime factors of k?
2, 11
Let a = -10 + 14. Suppose 0 = -x - a*s + 59, -44 - 16 = -x - 3*s. List the prime factors of x.
3, 7
Let v be 4/(-10) + 1392/30. Let y = v - -528. What are the prime factors of y/35 - (-6)/10?
17
Let w = 6011 + -4118. Suppose -4*q + x + 991 = 0, -5*q = -2*x + 658 - w. What are the prime factors of q?
3, 83
Let z = -27 - -29. Let y be (-64)/(-11) + z/11. Suppose 3*r - 83 = -5*t, y*r + 44 = 3*t + 2*r. What are the prime factors of t?
2
Suppose 6*s - 4*s + 14 = 0. Let i = -8 - s. List the prime factors of (18/(i + 3))/1.
3
Suppose 3*w + 573 = 4*s - 0*s, -427 = -3*s + 5*w. List the prime factors of s.
2, 3
Let a(x) = -222*x - 5. Let i be a(-2). Suppose 5*m + i = 144. Let p = m + 84. List the prime factors of p.
5
Suppose -3*h + 3*r = r + 77, 5*h - 2*r + 127 = 0. What are the prime factors of 5/h + (-82)/(-10)?
2
Let r(a) = -a**2 + 22*a - 19. What are the prime factors of r(10)?
101
Let v be (22 - 4)*(-18)/(-4). Let c = 123 - v. List the prime factors of 3/(-1) + 2 + c.
41
Let i(c) = -2*c**2 + 6*c - 4. Let a be i(5). Let x = a + 151. What are the prime factors of x?
127
Let n(v) = v**3 + 2*v**2 - 4*v - 3. Let l be n(-3). Let m = -6 - l. What are the prime factors of 4/((-8)/m)*6?
2, 3
Let d be 6/16 + -1 + 1108/32. Suppose -d*n + 442 = -32*n. What are the prime factors of n?
13, 17
Let t = 4708 + 100. What are the prime factors of t?
2, 601
Suppose -3*s - 96 = -567. Suppose 0 = -6*f - 31 + s. What are the prime factors of f?
3, 7
Let r(v) = -24*v + 7. Let g(f) = 12*f - 4. Let m(p) = 9*g(p) + 4*r(p). Let a be 2/(-7) - 210/(-49). What are the prime factors of m(a)?
2, 5
Let s = 25 + -39. What are the prime factors of (-1026)/s + 4*3/(-42)?
73
Let w be (3 - 3)*(0 - -1) - -3. Suppose 0 = w*o - 199 - 62. List the prime factors of o.
3, 29
Suppose 0 = v + 3*k, 4*k = -3*v - 0*v - 10. Let b = v - 2. What are the prime factors of (b/(-5))/((-3)/(-75))?
2, 5
Let o be 141/45 - (-2)/(-15). List the prime factors of 0 - -47*(-2 + o).
47
Let a be (((-54)/(-5))/(-1))/(3/(-170)). Suppose 3*r + 7*w = 2*w + a, r = -3*w + 208. What are the prime factors of r?
199
Suppose 4*q - s = -7 + 22, -q + s = -6. Let m(j) = -9*j**2 + 6*j - 2 + 5 + j**q + 0*j + 6. What are the prime factors of m(9)?
3, 7
Suppose 6*n - 3*n = 3*r - 1629, 0 = 5*n. List the prime factors of r.
3, 181
Let f be ((-1)/(-2))/(3/4)*3. Suppose -2*w + f*q = -160, 242 = 5*w - 2*w - 4*q. What are the prime factors of w?
2, 3, 13
Let h be ((-1)/2)/(6/(-120)). Let s be 0 - (2 + -1 - 3). Suppose -s*v = -h - 0. What are the prime factors of v?
5
Let r = -286 + 323. List the prime factors of r.
37
What are the prime factors of -3 - 5 - -11*156?
2, 7, 61
Let b = -347 + 1461. What are the prime factors of b?
2, 557
Suppose 2*q + 139 = 3*y, -y = 3*y - 3*q - 184. Let j = y - -42. What are the prime factors of j?
7, 13
Let f = 29 + -14. Suppose 11 + 14 = -2*l - 5*g, 5*l - 3*g = f. Suppose 162 = 5*s - u, l = -4*s + s + 5*u + 106. List the prime factors of s.
2
Suppose 0 = 3*b - 4*m - 167 + 30, 45 = b - 2*m. Suppose 0 = 2*n + 37 + b. List the prime factors of n/(-2) - 0/(-1).
3, 7
Let z = 40 - -364. List the prime factors of z.
2, 101
What are the prime factors of (-6 - 6)/((-36)/5136)?
2, 107
Let t(y) = 2*y + 58. List the prime factors of t(17).
2, 23
Suppose 0 = -8*h + 592 + 6040. List the prime factors of h.
829
Suppose 2*y - y - 245 = 4*n, 254 = y - n. Suppose -4*x - 5*c + 148 = -99, -y = -4*x + 5*c. What are the prime factors of x?
3, 7
Let w be (8/4 + 0)*(-26)/(-4). List the prime factors of -9 + w - -5*37.
3, 7
Let y(s) = -5*s**2 + 10 - 2*s + 7*s - 12 + s**3. Let t be y(4). Suppose 3*v + t*v = 35. What are the prime factors of v?
7
Suppose -6*h + 8576 = 2990. What are the prime factors of h?
7, 19
Let s(f) = -2*f + 20. Let n be s(9). Suppose 0 = -u + 3*g + 47, -2*u + 218 = 3*u + n*g. List the prime factors of u.
2, 11
Let z(l) = 2*l**3 - 15*l**2 - 8*l + 1. Let c be z(8). List the prime factors of 995/6 - 2/(-12*c).
2, 83
Let o(h) = -90*h - 231. What are the prime factors of o(-21)?
3, 7, 79
Let c = 19 + 4. Let r = c + -15. Let p = r - 6. What are the prime factors of p?
2
Let b(x) = 64*x**2 - 33*x + 7. List the prime factors of b(3).
2, 11
Suppose -26*c + 22734 + 6204 = 0. What are the prime factors of c?
3, 7, 53
Let f = -75 + -44. Suppose 3*q - 182 = 2*u, 2*u - q + 1 = -173. Let t = u - f. List the prime factors of t.
2, 17
Let y be 2 - (-3)/9*0. Suppose -y*h - 3*h = -280. List the prime factors of h.
2, 7
Suppose t - 2*t + 5*o - 18 = 0, o = 5*t - 6. Suppose -4*n - s + 0*s = -36, t*n = 5*s + 40. Suppose 26 = 3*w - n. List the prime factors of w.
2, 3
What are the prime factors of ((-9936)/10)/(-2)*(-60)/(-8)?
2, 3, 23
List the prime factors of 704/20*225/18.
2, 5, 11
Let f = -2447 - -4209. List the prime factors of f.
2, 881
Suppose 2*u + 2*u - 8 = 0. Suppose 1 = u*w - 1. List the prime factors of 1/w*(-180)/(-5).
2, 3
Suppose -7*b - 20 = -2*b. Let v = 14 + b. List the prime factors of v.
2, 5
Suppose -c + 0*c + 4*w = 101, -4 = -2*w. Suppose 2*g + 102 + 164 = -4*b, 5*b - 2*g + 328 = 0. Let o = b - c. What are the prime factors of o?
3
Suppose -33*d + 25340 = -23*d. What are the prime factors of d?
2, 7, 181
Let t(l) = 2*l - 2. Let s be t(-4). Let q = 7 + s. List the prime factors of ((-87)/q - 1) + -1.
3
Let w(j) = -159*j - 365. What are the prime factors of w(-6)?
19, 31
Suppose 2*x = -y + 11, 0 = 3*x - 17 + 5. Let b be (-46)/4*-2 - y. Suppose -o = w - 10, 8*o + b = 2*w + 3*o. What are the prime factors of w?
2, 5
Suppose 75322 = 33*l - 7*l. What are the prime factors of l?
2897
Let v(q) = q**2 - q + 5. Suppose -3*o - 9 = -6*o. Suppose 21 = 3*i + o. What are the prime factors of v(i)?
5, 7
Let t(w) = 4*w - 12. Let q(m) = 3*m - 11. Let f(k) = 3*q(k) - 2*t(k). Let l be f(15). List the p